b(-5). Let d(o) = o**2 + 6*o - 15. Give d(i).
25
Suppose 316*h = 1310 + 405 - 451. Let u(w) = -3*w**2 + w + 6. Determine u(h).
-38
Suppose 0 = -9*o - 4*o - 546. Let l(q) = q**3 + 7*q**2 + 2*q + 4. Let c be l(-7). Let p be (o/(-9))/(c/15). Let b(d) = d + 7. Calculate b(p).
0
Let q(j) = -j**3 + 5*j**2. Let h = -175 - -181. Let x(t) = -t**2 + 10*t - 19. Let w be x(h). Determine q(w).
0
Let n(j) = -j + 2. Let c(v) = -32 - 6*v + 12 + 22 + 11. Let r(m) = 6*c(m) - 39*n(m). Give r(3).
9
Suppose -13*l - 50*l + 693 = 0. Let y(x) = l - 6 - 1 - 12 - 3*x. Determine y(-2).
-2
Let f(y) be the third derivative of 17*y**2 + 0 + 1/4*y**4 + 0*y - 1/60*y**5 + 2/3*y**3. Calculate f(3).
13
Let w be ((-1)/2)/(25/(-350)). Let g(y) be the second derivative of 2*y**3 + 11*y**2/2 - 3*y. Let t(s) = 7*s + 6. Let m(p) = w*t(p) - 4*g(p). Give m(-5).
-7
Let d(z) = -7*z + 128. Let w(h) = 4*h**3 - 9*h**2 - 6*h + 8. Let f be w(3). Determine d(f).
9
Suppose -8*u + 50*u + 152 = 404. Let k(x) = -x**3 + 6*x**2 + 4*x - 6. Calculate k(u).
18
Let p(a) = a**3 + 5*a**2 - a - 6. Let n(m) = 2*m - 23. Let g(d) = -d + 22. Let z(c) = -3*g(c) - 2*n(c). Let u = -54 + 39. Let i be z(u). Give p(i).
-1
Let i(j) be the second derivative of -5*j**4/12 + 32*j**3/3 + 7*j**2 - 6*j. Let l be i(13). Let t(f) = -3*f - 1. Calculate t(l).
-4
Suppose -3*b + 46 = -5*p, -8*p + 3*b = 109 - 39. Let f(x) = -x**2 - 10*x - 53. Determine f(p).
-37
Suppose 5*k + 949 - 940 = -3*r, -3*r + 21 = -5*k. Let n(s) = s**2 + 2*s - 6. Determine n(k).
-3
Let o(g) = 3*g**2 + 6*g - 7. Let s = 5157 - 5156. Give o(s).
2
Let p = 43 + -28. Suppose 0 = y + 4*y - p. Let g be (2 - 51/45*y)*-5. Let n(v) = v**2 - 7*v + 4. Give n(g).
4
Let v(d) = d**3 - 8*d**2 + 10*d - 16. Let c = 393 - 386. Let u be v(c). Let t(w) = 3*w - 2. What is t(u)?
13
Let w(q) = -13*q - 10. Let u = 32 - 26. Let v(d) = 0*d + u*d - 8 + 13. Let o(m) = -9*v(m) - 4*w(m). What is o(-7)?
9
Suppose -5*g = 5, 4*g = -4*m - 10 + 2. Let p(n) = 8*n**3 - 3*n - 4. Calculate p(m).
-9
Let b(n) = -3*n - 7*n**2 + 26*n + 2*n**2 + 4*n**2 - 125 + 12*n. Determine b(31).
-1
Let p(i) be the first derivative of -i**4/4 - i**3/3 - i**2/2 - 2. Let t(b) = -15*b**2 - 238*b + 34. Let h be t(-16). Calculate p(h).
-14
Suppose 23 = 3*j + b - 0*b, -4*j + 52 = -4*b. Let y(h) be the first derivative of -h**2/2 + 1289. What is y(j)?
-9
Let o(y) be the first derivative of -31*y**2/2 - 2*y - 1331. Give o(-1).
29
Let j(w) = w**3 - 44*w**2 - 27*w + 73. Let k be j(45). Suppose -q + 871 = k. Let o(c) = -c**2 - 10*c + 10. What is o(q)?
-14
Let t(d) = 3*d + 7. Suppose 5*q = 4*v + 72, 2*q - 57 = -3*q - v. Let l(y) = 7*y + q + 0 + 0*y + 3. Let x(w) = -4*l(w) + 9*t(w). Determine x(6).
-3
Let f = -406 + 405. Let w(r) = -r + 1. Suppose -5*m + 20 = 5. Let k(s) = 4*s - 2. Let p(u) = m*w(u) + k(u). Determine p(f).
0
Let t(i) be the third derivative of i**7/2520 - i**6/360 - i**5/24 - i**4/24 + 25*i**3/6 - 82*i**2. Let q(g) be the second derivative of t(g). What is q(4)?
3
Let d(g) = g**3 + 5*g**2 + 7*g + 2. Suppose -12*m = -20*m + 376. Suppose -51*y - 20 = -m*y. Determine d(y).
-33
Let f = -785 - -917. Let w(i) = 2*i - 81 - f + 211. Let y be 4/14 - 38/(-14). What is w(y)?
4
Let x(b) = 4*b + 3. Let m(f) be the second derivative of 13*f**3/6 + 5*f**2 + 2*f + 23. Let a(s) = s - 4. Let j be a(2). Let k(c) = j*m(c) + 7*x(c). Give k(-3).
-5
Let i(a) be the third derivative of a**5/60 + a**4/4 - 2*a**3/3 + 2*a**2. Suppose 17 = 3*m + 2*c + 39, 2*m + c + 15 = 0. Give i(m).
12
Let g be (-3)/(-2)*106/3. Let l = 55 - g. Let u(z) = -1 - 38*z + 5*z**2 + 37*z + l*z**3 - 3*z**3. What is u(4)?
11
Let r(c) be the first derivative of c**3/3 - 4*c**2 + 9*c - 531. Let g = 123 + -118. Calculate r(g).
-6
Suppose 10*h + 7 + 23 = 0. Let d(s) = 4*s + 8. Let r be d(h). Let f be ((-8)/12)/(r/(-12))*-2. Let m(o) = o**3 - 6*o**2 + 3*o + 1. Give m(f).
-19
Let z(g) = g**3 + 8*g**2 + 4. Let l(v) be the third derivative of v**4/8 - 29*v**3/6 + 3*v**2. Let u be 8*3*42/144. Let c be l(u). Calculate z(c).
4
Let l(o) = 22*o - 5. Let d be (2 - -7)*-2*(-3)/(-18). What is l(d)?
-71
Let t be -3 - (-2*(-75)/(-40) + (-2)/8). Let g(c) = 3*c**2 + 8*c - 4. Give g(t).
7
Let b(x) = -6*x - 1. Let z be 8*2/(12/81). Let v be 16/3*z/(-48). Let g be 2/6 - (-28)/v. What is b(g)?
11
Suppose -3*b + 48 = -4*x, 5*b - 75 = 5*x + 5. Suppose -b = w - 2*o - 6, -w = 5*o - 18. Let u(i) = -i + 2. Give u(w).
4
Let r(v) = -9*v + 25 - 43 + 19 - 8*v - 9*v. What is r(2)?
-51
Let y(r) = -6396*r - 2 + 3221*r + 3174*r + 2*r**2. Suppose 4*c + 11 = -3*v, 3*v - 4 = 7*v. Calculate y(c).
8
Suppose -5*n - 12*q = -13*q - 61, -4*q + 56 = 5*n. Let m(k) = -13 - 8*k + k**2 + n - 1. Calculate m(7).
-9
Let i(l) be the first derivative of -5*l**4/12 + l**3/3 + l**2 - 56*l + 96. Let d(j) be the first derivative of i(j). What is d(-1)?
-5
Let s(c) = 87*c - 289*c + 3 + 69*c + 69*c + 67*c - 7*c**2. Calculate s(3).
-51
Suppose t = s - 1, -3*t - 5 = 1. Let p(h) be the first derivative of 9*h**4 + h**2 + h + 1171. Give p(s).
-37
Let l(v) = -2*v**3 - 27*v**2 - 15*v + 13. Let c be -39*25/2100*28. Calculate l(c).
39
Suppose 2*y + 9*g - 24 = 5*g, 0 = -g - 3. Suppose -4*v + y = 2*j, v + j = 2*j + 6. Let s(i) = -i**2 + 5*i. What is s(v)?
0
Let p(v) = v**2 + v + 9. Let u(n) = -n**2 + n + 2. Let c(z) = 2*z**2 + 5*z + 3. Let g(i) = c(i) + u(i). Let a be g(-5). Calculate p(a).
9
Let r(t) = -6*t**2 + 0 - 9 + 32 - 42*t - 64*t**3 + 63*t**3 + 36*t. What is r(-7)?
114
Let n(u) = 12433 - 2*u - 6067 - 30*u - 10*u - 6060. Give n(7).
12
Suppose 0 = -167*a + 176*a + 108. Let o(x) = -x + 9. Give o(a).
21
Let f(a) be the second derivative of 3*a**3/2 + 9*a**2/2 + 1069*a. What is f(-8)?
-63
Let b(x) = x**3 + 3*x**2 - 6*x + 4. Let f be 0/1 + (2 - -1). Suppose 2*y = 6, 2*y = -f*a - 158 - 214. Let l be a/18 + -4*(-2)/4. Calculate b(l).
-16
Suppose j + 5*j - 3*j = 0. Let c = j + 2. Let z(b) = 2*b**2 - c*b + 2 + b**2 - 4*b**2. Give z(3).
-13
Let y(a) be the first derivative of -4*a**2 + 1/3*a**3 + 11*a - 13. Calculate y(8).
11
Let b be (-32)/(-12) - 2 - 66/18. Let h(c) = -7*c - 5. Let i(o) = 8*o + 6. Let y(g) = 5*h(g) + 4*i(g). What is y(b)?
8
Suppose 3*n - 685 = -3*t + 377, 0 = n. Let f = t - 344. Let o(z) = -z**3 + 11*z**2 - 10*z + 3. What is o(f)?
3
Let p(q) be the first derivative of 2*q**2 + 3*q + 28. Let o be 198/(-6) - (1 + (-1 - -2)). Let t = o - -30. Calculate p(t).
-17
Let f(h) = -h**3 + 22*h**2 + 49*h + 2. Let j = 3306 - 3282. Give f(j).
26
Let l(k) = k + 35. Let q be l(-17). Let p = -27 + q. Let n(o) = -6 + o - 16*o - 1 + 14*o. Calculate n(p).
2
Let y(l) be the third derivative of -l**6/120 + l**5/10 - l**4/4 + 2*l**3/3 + 20072*l**2 + 2. Let w be 25/5 - (1 + -1). Calculate y(w).
-1
Let c(h) = -2*h + 5*h**2 + 0*h - h**2 + 1 + h**3. Suppose 0 = -30*u + 34*u - 3464. Let n = -870 + u. Determine c(n).
9
Let s = 2645 + -2650. Let b(n) = n + 1. Let v be b(5). Let t(k) = -8*k + 13*k + 1 - v*k. What is t(s)?
6
Suppose 3*f = -3*a + 2*a - 8, 0 = -5*a - f - 12. Let l(u) = -1 + 34*u + 20*u + 4 - 56*u + 15*u. Give l(a).
-23
Let h(c) be the first derivative of c**2/2 + 4*c + 3. Let b(u) = -u - 5. Let g be b(-7). Suppose -g = -3*f - x, -3*x = -3*f + 1 - 7. Calculate h(f).
4
Let s = 5 - 9. Let u(k) = 2*k. Let m be (-1)/(-6) - (2046/36)/11. Let b(f) = -9*f + 1. Let z(t) = m*u(t) - b(t). Calculate z(s).
3
Let v(j) = j**3 - 11*j**2 + 11*j - 3. Let s(w) = 2*w**2 - 16*w - 30. Let p(k) = -7*k - 123. Let c be p(-19). Let q be s(c). Determine v(q).
7
Let c(z) = 4*z**3 + 13*z**2 - 30*z + 13. Let k(m) = m**3 + 2*m**2 - 6*m + 1. Let h(t) = -c(t) + 5*k(t). Calculate h(0).
-8
Let k(y) be the first derivative of 1/4*y**4 + 9*y - 11/2*y**2 + 10/3*y**3 - 101. What is k(-11)?
9
Let a(r) = -21409*r**2 - 2 + 6*r + 10709*r**2 - 5*r + 10705*r**2. What is a(0)?
-2
Let g(o) be the second derivative of -o**4/6 + 2*o**3/3 - o**2 + 5*o + 14. Let p be 1*0/((-4)/4). Suppose t - 3*b = -t - 6, p = -2*t + 5*b - 14. Give g(t).
-8
Let d(i) be the second derivative of 7*i**3/6 + i**2/2 - 16*i. Let o be (10 - 9)/(1/10*2). Calculate d(o).
36
Let u(q) = 29*q - 9. Suppose 140*g = -109*g. Determine u(g).
-9
Let v(a) = -16*a - 27. Let l = 4264 - 4266. Determine v(l).
5
Let c(f) = -4*f - 9. Let t be 14/22 + 604/1661. Give c(t).
-13
Let k(b) = b**3 - b**2 - 3*b. Let p(a) = -4*a +